s 177949127 a composite number?
False
Is 30098179807 prime?
False
Is 8573202641 composite?
False
Is 12062020927 a prime number?
False
Is 246106807 composite?
True
Is 543580159 prime?
True
Is 246184534 a composite number?
True
Is 14162228429 prime?
False
Is 23144391917 prime?
True
Is 145897417 prime?
False
Is 2090842345 composite?
True
Is 79636739107 prime?
True
Is 686028071 composite?
False
Is 40835950733 prime?
False
Is 2971557013 prime?
False
Is 3532709399 a prime number?
True
Is 86231389 a prime number?
True
Is 143102481209 composite?
False
Is 2030797057 prime?
False
Is 19349653819 composite?
False
Is 818811737 a prime number?
True
Is 29461812641 composite?
True
Is 341794339 composite?
True
Is 245170301 a prime number?
True
Is 12763106011 a composite number?
False
Is 187931179 a composite number?
True
Is 17877071 prime?
True
Is 2529852089 composite?
False
Is 67552446961 a composite number?
False
Is 3550852757 prime?
True
Is 5408313431 composite?
True
Is 1216912909 composite?
False
Is 4089216559 prime?
True
Is 69352774265 a prime number?
False
Is 1115047531 a prime number?
False
Is 800502707 prime?
False
Is 8743316861 a prime number?
False
Is 54069552359 a prime number?
True
Is 2615631266 a prime number?
False
Is 2488941653 a prime number?
False
Is 4294072537 a composite number?
False
Is 865343195 composite?
True
Is 1967466409 prime?
False
Is 6271696969 a prime number?
False
Is 44586989 composite?
False
Is 6659905649 a prime number?
False
Is 623518133 a prime number?
False
Is 922803151 prime?
False
Is 1508644091 composite?
True
Is 300316688431 composite?
False
Is 6371313002 prime?
False
Is 7111432201 a prime number?
False
Is 1025131171 a prime number?
True
Is 3349180451 composite?
False
Is 45040558609 a composite number?
False
Is 120112548541 prime?
True
Is 316722041 a prime number?
True
Is 14206991501 a composite number?
False
Is 7797720677 a prime number?
False
Is 63252730787 a prime number?
True
Is 31094045263 composite?
True
Is 17194373153 a prime number?
False
Is 7997041673 prime?
False
Is 265462807 a composite number?
False
Is 33291326897 a prime number?
True
Is 1372150673 a composite number?
True
Is 6805934573 a composite number?
True
Is 4075040579 prime?
True
Is 4575310021 composite?
False
Is 5524219153 a composite number?
False
Is 5296977557 a prime number?
False
Is 383881691 composite?
False
Is 125137213 composite?
False
Is 420083231 a composite number?
False
Is 4582179871 a composite number?
False
Is 9481795789 a composite number?
False
Is 96309474119 a prime number?
True
Is 1437565273 prime?
True
Is 5094019981 a composite number?
True
Is 8947515553 a composite number?
True
Is 1213743763 a prime number?
False
Is 3445595171 prime?
True
Is 131165650777 composite?
True
Is 436019917 composite?
False
Is 1810337 composite?
False
Is 3275414321 a composite number?
False
Is 5503974127 composite?
False
Is 66761221 a prime number?
True
Is 6175708603 composite?
True
Is 301474611127 a composite number?
False
Is 1279636541 a prime number?
False
Is 6131278121 composite?
False
Is 22990931009 a prime number?
False
Is 4619717849 prime?
True
Is 261808169159 composite?
False
Is 330834767 a prime number?
True
Is 35210408438 prime?
False
Is 9162907687 composite?
True
Is 7864631473 a prime number?
True
Is 42974674181 composite?
False
Is 24199244389 a composite number?
True
Is 2181008521 prime?
False
Is 15043188859 composite?
False
Is 23518221667 a prime number?
True
Is 115758121747 composite?
True
Is 15934631281 a prime number?
False
Is 473830451 composite?
False
Is 500641853 composite?
False
Is 302774303357 a prime number?
True
Is 4913577701 a prime number?
True
Is 3432846559 prime?
True
Is 15012165119 prime?
False
Is 48361170757 composite?
False
Is 527669351 prime?
False
Is 76306444589 composite?
False
Is 6671354233 prime?
False
Is 692030023 a composite number?
False
Is 13155225113 a composite number?
False
Is 2927809789 a composite number?
False
Is 3496818761 prime?
False
Is 1135208521 a prime number?
True
Is 3670216067 prime?
False
Is 286682145059 prime?
False
Is 825265739 composite?
False
Is 505294709 a composite number?
False
Is 475201411 prime?
True
Is 290947471 composite?
False
Is 267393403387 composite?
True
Is 2697947079 a prime number?
False
Is 5487331211 composite?
False
Is 5685059171 prime?
False
Is 88909313 a composite number?
False
Is 2101915709 a composite number?
False
Is 1288548869 a prime number?
True
Is 2841704753 composite?
True
Is 4897936003 a composite number?
True
Is 454455613 a composite number?
False
Is 35661729179 a prime number?
True
Is 73051723054 prime?
False
Is 146346287 prime?
True
Is 151254143 composite?
False
Is 28443568823 prime?
True
Is 21218352679 prime?
False
Is 264928831429 a composite number?
True
Is 178787951 a composite number?
False
Is 6587144017 composite?
False
Is 6413423207 prime?
True
Is 1122268919 prime?
True
Is 3073265329 a prime number?
True
Is 20677542617 composite?
True
Is 199853380853 composite?
True
Is 27665717227 a composite number?
True
Is 1960333567 a prime number?
False
Is 1376926279 a composite number?
True
Is 25078520645 composite?
True
Is 12405708443 a prime number?
False
Is 451706907 composite?
True
Is 447092089 prime?
False
Is 819294419 composite?
True
Is 109493119 composite?
False
Is 525313391 a prime number?
False
Is 6653653709 a prime number?
True
Is 8667859463 a prime number?
False
Is 591008263 a prime number?
True
Is 250510219 a composite number?
True
Is 1036715209 a composite number?
True
Is 46223765191 prime?
False
Is 27119473 prime?
True
Is 16349801353 prime?
True
Is 323462219 a prime number?
False
Is 859483327 a prime number?
True
Is 12574836749 prime?
False
Is 338857093 a composite number?
True
Is 593496139 a prime number?
True
Is 28480443869 a composite number?
False
Is 3899253209 a composite number?
False
Is 1536459513 a prime number?
False
Is 34216908907 composite?
True
Is 952957409 composite?
True
Is 12724691849 a prime number?
False
Is 21054670843 composite?
True
Is 675856567 prime?
False
Is 6423804217 a composite number?
False
Is 2929058501 a composite number?
False
Is 3790141391 a composite number?
True
Is 4590824191 a composite number?
False
Is 68560981157 prime?
True
Is 1891566227 a composite number?
False
Is 23185590787 prime?
True
Is 20094555913 a composite number?
True
Is 2567391499 a prime number?
True
Is 88271286499 prime?
False
Is 9139036703 a composite number?
True
Is 3038646031 prime?
True
Is 52861137529 prime?
True
Is 627601823 prime?
True
Is 1849261729 composite?
True
Is 2493515041 a prime number?
True
Is 6356396693 a prime number?
True
Is 6809773739 a prime number?
False
Is 136854669937 a composite number?
False
Is 2534299849 a prime number?
True
Is 152047732535 a composite number?
True
Is 9825017081 prime?
False
Is 3060102389 composite?
False
Is 2527757987 a prime number?
False
Is 18773153689 a prime number?
False
Is 11778170953 composite?
False
Is 785034853 composite?
False
Is 664250689 prime?
True
Is 111811767 a composite number?
True
Is 1610317787 a composite number?
True
Is 1540676798 a prime number?
False
Is 6786082781 composite?
True
Is 10354322887 prime?
False
Is 2923372399 a prime number?
True
Is 2447286757 composite?
True
Is 10390020131 a composite number?
True
Is 2280905687 a prime number?
True
Is 289239509333 a composite number?
True
Is 1871814299 composite?
False
Is 202558211119 composite?
True
Is 29215179941 prime?
False
Is 1934371839 prime?
False
Is 9900389227 prime?
True
Is 5710520173 prime?
False
Is 19704598877 a composite number?
False
Is 105330657191 composite?
False
Is 288092191 a prime number?
True
Is 1787335789 composite?
True
Is 6295762061 a composite number?
False
Is 7763242477 a composite number?
False
Is 32593837141 a prime number?
True
Is 74013167 prime?
False
Is 7369776923 prime?
False
Is 19066906591 a prime number?
True
Is 398579812339 a composite number?
False
Is 35260919569 a composite number?
False
Is 1869521809 a composite number?
False
Is 95099419 a prime number?
True
Is 161951474 a prime number?
False
Is 610987261 composite?
True
Is 1395179189 a prime number?
True
Is 1208331407 composite?
True
Is 3146243185 composite?
True
Is 463745101 prime?
True
Is 1920884993 prime?
True
Is 21899627 prime?
True
Is 797747641 prime?
False
